igit of 49951?
9
What is the hundred thousands digit of 198003?
1
What is the thousands digit of 418217?
8
What is the millions digit of 14699122?
4
What is the hundred thousands digit of 7654894?
6
What is the hundred thousands digit of 170633?
1
What is the hundred thousands digit of 750927?
7
What is the tens digit of 304622?
2
What is the units digit of 2984666?
6
What is the units digit of 850448?
8
What is the ten thousands digit of 19268156?
6
What is the tens digit of 277141?
4
What is the thousands digit of 14772?
4
What is the units digit of 1092803?
3
What is the tens digit of 7395936?
3
What is the millions digit of 12073989?
2
What is the hundreds digit of 7583983?
9
What is the ten thousands digit of 248555?
4
What is the hundred thousands digit of 22610260?
6
What is the tens digit of 1017224?
2
What is the ten thousands digit of 7606096?
0
What is the units digit of 4992740?
0
What is the thousands digit of 5443890?
3
What is the hundreds digit of 1022912?
9
What is the hundred thousands digit of 120684?
1
What is the tens digit of 892945?
4
What is the thousands digit of 1047223?
7
What is the ten thousands digit of 5155144?
5
What is the tens digit of 2256081?
8
What is the tens digit of 2271535?
3
What is the thousands digit of 632921?
2
What is the ten thousands digit of 167907?
6
What is the thousands digit of 961421?
1
What is the units digit of 1005346?
6
What is the millions digit of 24125485?
4
What is the tens digit of 5503400?
0
What is the hundreds digit of 18006998?
9
What is the hundred thousands digit of 822244?
8
What is the hundred thousands digit of 157880?
1
What is the units digit of 1975662?
2
What is the units digit of 608533?
3
What is the units digit of 5576446?
6
What is the ten thousands digit of 1671816?
7
What is the thousands digit of 5866422?
6
What is the hundred thousands digit of 1239070?
2
What is the units digit of 43307?
7
What is the ten thousands digit of 94227?
9
What is the units digit of 1926946?
6
What is the ten thousands digit of 50167?
5
What is the thousands digit of 851888?
1
What is the thousands digit of 35508345?
8
What is the units digit of 2102135?
5
What is the hundred thousands digit of 17995977?
9
What is the hundreds digit of 24318184?
1
What is the ten millions digit of 40313458?
4
What is the thousands digit of 225197?
5
What is the hundreds digit of 375258?
2
What is the millions digit of 2944441?
2
What is the hundreds digit of 4179691?
6
What is the hundreds digit of 190846?
8
What is the ten thousands digit of 12910108?
1
What is the thousands digit of 569544?
9
What is the ten thousands digit of 141882?
4
What is the ten thousands digit of 445451?
4
What is the tens digit of 599562?
6
What is the millions digit of 26439340?
6
What is the hundred thousands digit of 241138?
2
What is the ten thousands digit of 221453?
2
What is the thousands digit of 2398227?
8
What is the ten thousands digit of 284317?
8
What is the tens digit of 648792?
9
What is the ten thousands digit of 1022575?
2
What is the tens digit of 12657732?
3
What is the hundreds digit of 1585048?
0
What is the ten thousands digit of 268769?
6
What is the units digit of 110895?
5
What is the tens digit of 15286735?
3
What is the hundreds digit of 665130?
1
What is the hundred thousands digit of 516427?
5
What is the hundred thousands digit of 400746?
4
What is the ten thousands digit of 136204?
3
What is the tens digit of 786256?
5
What is the hundred thousands digit of 9479371?
4
What is the hundred thousands digit of 18587181?
5
What is the units digit of 268837?
7
What is the thousands digit of 1741101?
1
What is the thousands digit of 115891?
5
What is the ten thousands digit of 7775203?
7
What is the units digit of 8710019?
9
What is the ten millions digit of 28496461?
2
What is the ten thousands digit of 2677624?
7
What is the thousands digit of 16666601?
6
What is the units digit of 8035185?
5
What is the ten thousands digit of 541185?
4
What is the thousands digit of 484228?
4
What is the tens digit of 3029218?
1
What is the thousands digit of 3351650?
1
What is the hundred thousands digit of 2333664?
3
What is the hundreds digit of 20765137?
1
What is the thousands digit of 761079?
1
What is the tens digit of 2112133?
3
What is the hundreds digit of 283826?
8
What is the ten thousands digit of 2539312?
3
What is the hundred thousands digit of 631668?
6
What is the hundreds digit of 4888315?
3
What is the units digit of 1211703?
3
What is the ten thousands digit of 6382084?
8
What is the ten millions digit of 15351740?
1
What is the millions digit of 8137442?
8
What is the hundred thousands digit of 9263617?
2
What is the units digit of 347063?
3
What is the tens digit of 119217?
1
What is the tens digit of 71143?
4
What is the thousands digit of 87081?
7
What is the hundred thousands digit of 14647044?
6
What is the hundreds digit of 6102310?
3
What is the tens digit of 498050?
5
What is the units digit of 4574432?
2
What is the ten thousands digit of 1846333?
4
What is the hundred thousands digit of 305297?
3
What is the units digit of 217065?
5
What is the tens digit of 1212003?
0
What is the tens digit of 212088?
8
What is the tens digit of 19328492?
9
What is the thousands digit of 9714561?
4
What is the units digit of 3819749?
9
What is the millions digit of 1940384?
1
What is the hundred thousands digit of 3463141?
4
What is the units digit of 898414?
4
What is the ten millions digit of 23793970?
2
What is the units digit of 12081232?
2
What is the ten thousands digit of 211847?
1
What is the tens digit of 8529529?
2
What is the hundred thousands digit of 1081345?
0
What is the millions digit of 13915654?
3
What is the thousands digit of 580127?
0
What is the units digit of 3169416?
6
What is the hundreds digit of 402608?
6
What is the ten thousands digit of 404196?
0
What is the hundreds digit of 328762?
7
What is the thousands digit of 1626718?
6
What is the tens digit of 224788?
8
What is the units digit of 1636798?
8
What is the millions digit of 23244100?
3
What is the hundreds digit of 223902?
9
What is the tens digit of 576502?
0
What is the hundreds digit of 803124?
1
What is the ten thousands digit of 274934?
7
What is the hundreds digit of 243423?
4
What is the ten thousands digit of 5820718?
2
What is the hundreds digit of 3846775?
7
What is the tens digit of 122729?
2
What is the ten thousands digit of 56537?
5
What is the units digit of 1840?
0
What is the hundreds digit of 2753916?
9
What is the thousands digit of 16407512?
7
What is the tens digit of 365601?
0
What is the hundred thousands digit of 202943?
2
What is the units digit of 266998?
8
What is the ten thousands digit of 13046337?
4
What is the tens digit of 4460604?
0
What is the hundreds digit of 6623999?
9
What is the hundreds digit of 1674537?
5
What is the thousands digit of 43333?
3
What is the hundreds digit of 1630424?
4
What is the hundred thousands digit of 1415523?
4
What is the hundred thousands digit of 15732648?
7
What is the units digit of 16114568?
8
What is the thousands digit of 2190736?
0
What is the hundreds digit of 431669?
6
What is the ten thousands digit of 4771830?
7
What is the units digit of 5811?
1
What is the thousands digit of 647706?
7
What is the tens digit of 3011086?
8
What is the units digit of 386400?
0
What is the thousands digit of 1333211?
3
What is the hundreds digit of 4673799?
7
What is the units digit of 2453100?
0
What is the thousands digit of 3833909?
3
What is the hundreds digit of 441270?
2
What is the units digit of 9141069?
9
What is the ten thousands digit of 588740?
8
What is the tens digit of 30490308?
0
What is the units digit of 6440807?
7
What is the tens digit of 156446?
4
What is the hundreds digit of 337589?
5
What is the units digit of 1373798?
8
What is the units digit of 2559285?
5
What is the thousands digit of 497066?
7
What is the hundreds digit of 21161433?
4
What is the units digit of 604149?
9
What is the tens digit of 11698872?
7
What is the units digit of 28433776?
6
What is the millions digit of 2583663?
2
What is the millions digit of 2670228?
2
What is the units digit of 177997?
7
What is the units digit of 215871?
1
What is the ten million